- n = -16. List the prime factors of x.
7
Let q = -1 - -1. Suppose 0 = -5*d - x + 166, -5*d + 3*d - 2*x = -68. Suppose 5*w - 12 - d = q. List the prime factors of w.
3
Let w(z) = -z**2 - 5*z - 4. Let g be w(-4). List the prime factors of (-3)/((-1)/4 - g).
2, 3
Suppose -9*d = -d - 600. What are the prime factors of d?
3, 5
Let u(v) = -6*v**3 - v**2 - v. Let l be u(-1). What are the prime factors of 16/(4 - l/3)?
2
Suppose -2*w - 1 = -5. Suppose 0 = -4*p - 4*d + 32, 0*p - w*p + 11 = 3*d. Suppose 78 - p = 5*b. What are the prime factors of b?
13
Let n = 2 + 1. What are the prime factors of n?
3
Let s = -12 - -158. List the prime factors of s.
2, 73
Let z be (-1)/(2*(-3)/264). Let h = -1 - -3. Suppose h*s + 6 = z. What are the prime factors of s?
19
Let p(m) = -4*m**2 + 5*m**2 - 4 + 2*m - 3*m. List the prime factors of p(-6).
2, 19
Suppose -2 = 5*k - 3*l, -2 - 1 = -k + 4*l. Let g(q) = 32*q**2 - 1. What are the prime factors of g(k)?
31
Let p = 244 - 159. Suppose -z - p = -6*z. What are the prime factors of z?
17
Suppose y + 4*s - 1 + 2 = 0, 3*y + 2*s + 23 = 0. List the prime factors of -1 + 39 + y + 6.
5, 7
Suppose t + 30 = 6*t. Let m = -4 + t. List the prime factors of m.
2
List the prime factors of 31 + -3 + 2 - (-1 + 1).
2, 3, 5
Suppose u + 4*s - 22 = -0*s, -25 = -5*s. Suppose 2*q - 6 = u. List the prime factors of q.
2
Let l(n) = 3*n**2 - 2*n - 2. Let v be l(2). Let t = -15 + v. List the prime factors of (-70)/t + (-6)/(-27).
2
Suppose -3*q + 117 = 3*v, -3*v = 4*q - 188 + 74. List the prime factors of v.
2, 3, 7
What are the prime factors of 1/(-5) - (-2160)/50?
43
Let y(v) = 4*v**2 + 9*v - 4. Let x be y(4). Suppose 0 = -5*w + x + 44. List the prime factors of w.
2, 7
List the prime factors of 0 + -1 + 159*(-3)/(-3).
2, 79
List the prime factors of (-3)/(-2)*(-3504)/(-36).
2, 73
Let h = 4 + 0. Suppose -5*y + 32 = 2*t, 3*t - 29 = -2*y + h*y. What are the prime factors of t?
11
Suppose -a = -2*a - 3. Let z(d) = -d**3 - 3*d**2 - d. List the prime factors of z(a).
3
Suppose -5*h - 6*w + 455 = -w, -4*w = 5*h - 455. Suppose 5*r + 35 = o + 142, 4*r = -o + h. List the prime factors of r.
2, 11
Let a = -7 + 4. Let r(w) = 3*w**2 + 0*w**3 - 1 + 3 - 3*w + 3*w**3 - 2*w**3. What are the prime factors of r(a)?
11
Suppose 5*l + 477 = 8*l. List the prime factors of l.
3, 53
Let k(d) = d**3 + 3*d**2 - 6*d - 4. Suppose -4*f = -2*l + 26, -5*f - 24 = -2*l + 6. Let j be k(f). Suppose j*n = 7*n - 30. List the prime factors of n.
2, 5
Let r(b) = -b**2 + 2*b - 1. Let l be r(3). Let v(t) = -2*t**2 - 7*t - 6. Let z be v(l). List the prime factors of 4/10 + (-26)/z.
3
Suppose 2*p + 2*p = 12. Suppose -p + 21 = 2*o. What are the prime factors of o?
3
Suppose 20 + 1 = -3*z. Let s = -6 - -12. Let c = s - z. What are the prime factors of c?
13
Let h = -67 + 43. List the prime factors of (-74)/(-6) - 16/h.
13
Suppose 3*d = -2*d + 170. What are the prime factors of d?
2, 17
Let p(r) = 2*r**2 + 0*r + 0*r**2 + 8*r**2 - r. List the prime factors of p(1).
3
Let d(c) = -1. Let u(r) = 4*r - 8. Let x(n) = -6*d(n) + u(n). List the prime factors of x(2).
2, 3
Suppose -873 = -5*o - v + 46, -3*o - 5*v + 569 = 0. List the prime factors of o.
3, 61
Let y be 10/25 + (-47)/5 - 0. Let u = -7 - -18. Let v = u + y. List the prime factors of v.
2
Let g(w) = -10*w**2 + 46*w + 15. Let r(d) = -3*d**2 + 15*d + 5. Let i(v) = -2*g(v) + 7*r(v). List the prime factors of i(10).
5, 7
Suppose 4*h - 20 = -0. Suppose 0 = -q + 3*q, -h*b + 115 = -q. List the prime factors of b.
23
Let t(m) = -3 + m - 1 + 3. Let z be t(-1). Let b = 0 - z. What are the prime factors of b?
2
What are the prime factors of (8/20)/(3/90)?
2, 3
Let b be 4/(-6) + 280/(-30). List the prime factors of (-346)/b - 48/80.
2, 17
Let y = 5 - -6. Suppose 4*l + 7 = 5*k, k - y = -2*l - 2*l. What are the prime factors of k?
3
Let l = -2 + 8. Let j(z) = z**3 - 5*z**2 - 5*z - 4. List the prime factors of j(l).
2
Let p(a) = 4*a**2 - 5*a - 7. Let z be p(-4). Let u = z - 25. List the prime factors of u.
2, 13
Let t = -181 - -85. Let o = t + 134. What are the prime factors of o?
2, 19
List the prime factors of (-150)/(-35)*(-2 + 23).
2, 3, 5
Suppose 2*x + 14 + 36 = 0. List the prime factors of (-585)/x - 4/10.
23
Let x(s) = s**3 + 13*s**2 + 10*s - 11. Let u be x(-12). Let w = 6 + u. List the prime factors of w.
19
Suppose 13 = -3*k + 103. What are the prime factors of k?
2, 3, 5
Suppose x + 9*h - 13 = 4*h, 3*x + 5*h - 19 = 0. Suppose x*q - 57 = 6*q. What are the prime factors of -2 + 1 + -1 - q?
17
Suppose 3*i = -5*k + 6, i + 6*k - 4*k - 2 = 0. Let n = i - -1. List the prime factors of n.
3
Suppose 19*p - 18*p - 21 = 0. List the prime factors of p.
3, 7
Let p(n) = 0 - 3 - 8*n + 2. Let s(t) = t**3 + 4*t**2 + 4*t + 15. Let b be s(-4). What are the prime factors of p(b)?
7
Let c(m) = 3*m**2 + m + 8. Let s(w) = -9*w**2 - 3*w - 23. Let v(y) = -17*c(y) - 6*s(y). What are the prime factors of v(3)?
2
Let x be -2*((-18)/4 + 2). Suppose 7*r - 30 = 2*r + x*d, 4*r - 3*d = 26. List the prime factors of r.
2
Let l be 17 - 1*9/3. Let b be ((-6)/(-12))/(1/l). Suppose -b*h = -5*h - 38. What are the prime factors of h?
19
Suppose c - 4 = 4*g, 2*c = -2*g + 6*g + 4. Let j = 19 + c. List the prime factors of j.
19
Let v(d) = d - 5. Let s be v(8). Suppose -l - 30 = -s*l. Suppose 0 = 2*c + c - l. What are the prime factors of c?
5
Let q be 8/12 + 8/6. Suppose -2*s - 2*l + 5*l + 24 = 0, -q*s + 4 = 2*l. What are the prime factors of s?
2, 3
Suppose -20 = 4*y - 8*y. Let u(g) = g**3 - 6*g**2 + 4*g - 4. Let q(k) = k**3 - 6*k**2 + 4*k - 4. Let i(t) = 5*q(t) - 6*u(t). List the prime factors of i(y).
3
Let x(b) be the first derivative of 2*b**3 + 2 - 1/4*b**4 + b**2 - 4*b. What are the prime factors of x(6)?
2
Let m(x) = 25*x**2 - 6*x + 9. List the prime factors of m(4).
5, 7, 11
Let i = 21 + 9. Suppose 0 = 3*l + 4*o + 53, -o - 50 = 4*l + 25. Let y = i + l. What are the prime factors of y?
11
Suppose 3*q = -2*s + 20, s + 20 = 2*s + 4*q. Suppose -k + 6 = -s*y - 1, 2*k + 4*y - 14 = 0. What are the prime factors of k?
7
Let k(v) be the second derivative of v**3/3 - 2*v**2 - 3*v. List the prime factors of k(5).
2, 3
Suppose 288 = -m + 5*m. Suppose o + 3*o - m = 0. What are the prime factors of o?
2, 3
Let t(b) = 24*b**2 - 5*b + 6. Let y be t(4). Suppose -2*w + 7*w - y = 0. What are the prime factors of (-4)/14 - w/(-14)?
5
Let h(q) = q**3 - 4 - 10*q - 10*q**2 - q**2 + 3*q**2 + 16. Let t = -5 + 14. List the prime factors of h(t).
3
Let g = 20 - 11. Suppose 3*n - 112 = b, 0 = -3*n - g*b + 4*b + 142. Suppose 2*d + 3*d + 31 = 3*s, n = 3*s - 3*d. What are the prime factors of s?
17
Let i(v) = -80*v - 25. List the prime factors of i(-4).
5, 59
Let g(d) = -d**2 + 30*d - 63. List the prime factors of g(27).
2, 3
List the prime factors of -17*((5 - 3) + -3).
17
Let p(r) = r**3 - 5*r**2 + r - 1. Let q be p(4). Let a = 0 - q. List the prime factors of a.
13
Suppose -4*w + 4*v + 124 = 0, 165 = 5*w - 0*w + 5*v. Let f = -19 + w. List the prime factors of f.
13
Let j be 2/(-14) - (-15)/7. Let q = j - -17. List the prime factors of q.
19
Suppose 2*r = 6*r - 196. List the prime factors of r.
7
Let q = -52 + 75. List the prime factors of q.
23
Let t(w) be the second derivative of w**7/504 + w**6/240 + w**5/60 - w**4/3 + 2*w. Let v(k) be the third derivative of t(k). List the prime factors of v(-2).
2
Suppose 2*c + 3*c = 15. Suppose c*q = q + 10. What are the prime factors of q?
5
Let n(q) = -4*q**3 + q**2 + q. Suppose 0 = -0*t + 5*t + 20. Let x = t - -3. What are the prime factors of n(x)?
2
Let r(o) = o - 4. Let p be r(4). Let l(v) = -v + 2. Let x be l(2). Suppose 0 = 4*n - 3*a - 20, -n - a + x + 5 = p. What are the prime factors of n?
5
Suppose -4*i + 20 = 0, -5*i + 15 = 4*l - 9*l. Suppose 0 = v + 3*v - l*y - 6, 18 = 4*v + 2*y. Let w = 0 + v. List the prime factors of w.
3
Suppose -6*t + t - 15 = 5*p, -t - 4*p = 12. Suppose o - 2 - 5 = t. Let f(b) = b - 4. What are the prime factors of f(o)?
3
Suppose 5*q + 0*q - 330 = 0. Suppose -5*v + q = 3*a, a - 40 = -3*v - 2. What are the prime factors of v?
2, 3
Let p = -227 + 380. What are the prime factors of p?
3, 17
Suppose 9*c - 6*c = 213. What are the prime factors of c?
71
Let o(g) be the third derivative of g**4/24 + 2*g**3/3 - 2*g**2. Let i be o(